 what is -2102121200002 - -12?
-2102121122220
In base 15, what is -204 - -21a?
16
In base 2, what is 10100010000011100010111101 + -10101?
10100010000011100010101000
In base 14, what is 9a2906 + 0?
9a2906
In base 9, what is 13441103 + -1?
13441102
In base 14, what is 678 - 316b9?
-31041
In base 16, what is 11 - 65d7b?
-65d6a
In base 7, what is -10530361 + 4?
-10530354
In base 15, what is 328ca2 - -2?
328ca4
In base 13, what is 376 - -7882?
7c28
In base 8, what is -722305051 - 2?
-722305053
In base 12, what is -112b + -b52b?
-1065a
In base 3, what is -11012011 - -202001?
-10110010
In base 13, what is -6 + 936a00?
9369c7
In base 12, what is 46836 - 6?
46830
In base 16, what is 106 + -102b0?
-101aa
In base 5, what is 1132 - 11031110?
-11024423
In base 15, what is 165 + 3016b?
302d1
In base 13, what is 14a4c5 + c?
14a504
In base 13, what is -3b9902 + -9?
-3b990b
In base 11, what is -33 - -3055a88?
3055a55
In base 3, what is 12 - 110200001211202?
-110200001211120
In base 16, what is -3fe46a - -3b?
-3fe42f
In base 11, what is 14219a0 - 12?
1421989
In base 2, what is -1100101011101010110001 - -11101?
-1100101011101010010100
In base 15, what is -b4ba72 + 4?
-b4ba6d
In base 5, what is 3 + 112230431?
112230434
In base 3, what is -1 + -20101121200011?
-20101121200012
In base 5, what is -20 + -221304222?
-221304242
In base 3, what is 1 - -1122210200012?
1122210200020
In base 6, what is -12235021323 + 3?
-12235021320
In base 16, what is -6f3 - 1b8?
-8ab
In base 12, what is -70274 + -68?
-70320
In base 6, what is 1542 - -55120?
101102
In base 16, what is -59b + 2daa9?
2d50e
In base 2, what is -11 - 11101111110100000100000?
-11101111110100000100011
In base 9, what is -1616718 + -6?
-1616725
In base 14, what is c - -375261?
37526d
In base 13, what is 320951 + -1b?
320933
In base 9, what is -163584177 - -4?
-163584173
In base 10, what is -18662450 - -3?
-18662447
In base 8, what is -302547 - -3?
-302544
In base 12, what is -83491a0 + -2?
-83491a2
In base 12, what is -a449b73 + 0?
-a449b73
In base 7, what is 3 - -340341165?
340341201
In base 16, what is 36f03e + ae?
36f0ec
In base 8, what is -31404256 + -3?
-31404261
In base 4, what is -2 - 33311021203?
-33311021211
In base 4, what is 3222 - 12331220?
-12321332
In base 13, what is -12 - -3a461b?
3a4609
In base 2, what is -10000001 + -10010011001000111110001?
-10010011001001001110010
In base 3, what is -212000 + 10200012110?
10122100110
In base 2, what is -10101111110 + -1111010?
-10111111000
In base 13, what is -706959 + 23?
-706936
In base 9, what is 1 + 13218635?
13218636
In base 12, what is 16 - -197081?
197097
In base 7, what is -323001134 + -5?
-323001142
In base 4, what is 321023101 - -1232?
321030333
In base 5, what is -1321120310 + 13?
-1321120242
In base 12, what is 413aba8 - 3?
413aba5
In base 15, what is 24b4cb1 + 39?
24b4cea
In base 4, what is 13120120 + 1203310?
20330030
In base 9, what is -246704 + 431?
-246263
In base 2, what is -10111 + 1110111011000001111?
1110111010111111000
In base 4, what is -12000321003 - -211?
-12000320132
In base 15, what is 3129 + 269?
3393
In base 4, what is 12331311113 + 321?
12331312100
In base 6, what is -55 - -4102512435?
4102512340
In base 3, what is 11212202011101020 - -10?
11212202011101100
In base 14, what is -111 + -2211?
-2322
In base 13, what is 16130 - -489?
165b9
In base 8, what is 2760 + -6036?
-3056
In base 13, what is -4819 - -13a?
-46ac
In base 6, what is 2 - 10413000335?
-10413000333
In base 3, what is -2001222020102 - 10?
-2001222020112
In base 15, what is -5 - 7a08e?
-7a094
In base 13, what is 280716879 + 0?
280716879
In base 11, what is -1a006 + -568?
-1a573
In base 7, what is 43 + -6621615?
-6621542
In base 6, what is -5253104551 + 3?
-5253104544
In base 7, what is 16204 + 446051?
465255
In base 5, what is 4 - -1234343003?
1234343012
In base 3, what is -10011 - -1021210220100?
1021210210012
In base 8, what is -7567 - 2744?
-12533
In base 13, what is -22544 - -cc?
-22445
In base 2, what is -110111110110000110100 - 110?
-110111110110000111010
In base 10, what is 9943 - 20237?
-10294
In base 10, what is 25748096 + -3?
25748093
In base 14, what is 2c2373 - -14b?
2c24c0
In base 11, what is 6 + -1084a570?
-1084a565
In base 7, what is 3 - -3566561431?
3566561434
In base 3, what is 20121222200 + 2?
20121222202
In base 14, what is 3 - 1078aa?
-1078a7
In base 15, what is -5960ec + b?
-5960e1
In base 6, what is -1 - -2524540434?
2524540433
In base 8, what is -14 + 22066573?
22066557
In base 5, what is -10 + -22333440042?
-22333440102
In base 15, what is 33 - 34012c?
-3400e9
In base 12, what is -1162 - -a465?
9303
In base 4, what is -33322333233 - -11?
-33322333222
In base 10, what is -4 + 362205?
362201
In base 14, what is 26c5 + 483b?
7122
In base 4, what is -330000121321 - 0?
-330000121321
In base 12, what is -a01494a + 1?
-a014949
In base 7, what is -1 - 13161611?
-13161612
In base 10, what is -1665 - 7308?
-8973
In base 13, what is 1c14 - 18b8?
329
In base 4, what is 201330 + -1323101301?
-1322233311
In base 5, what is -2202412 - 304?
-2203221
In base 7, what is -431 + 1020063?
1016332
In base 14, what is -c - -3935690?
3935682
In base 14, what is -d39 + -9415?
-a350
In base 5, what is 1241 - 213130?
-211334
In base 10, what is 857459 + -1?
857458
In base 13, what is -b6 + -33a27?
-33b10
In base 4, what is 1211321 - 1202010?
3311
In base 11, what is 264 + -10620?
-10367
In base 8, what is -32424041 + -43?
-32424104
In base 5, what is -21020 - -41321?
20301
In base 4, what is -1333202331000 + -11?
-1333202331011
In base 7, what is -145212445 - 5?
-145212453
In base 14, what is 207c4c3 + 33?
207c516
In base 13, what is -1381369c - 5?
-138136a4
In base 3, what is 2202012 - 220100221?
-210121202
In base 15, what is -943bbe + 19?
-943ba5
In base 4, what is -3 - 212310?
-212313
In base 8, what is -437 + -111156?
-111615
In base 16, what is 113f7 + -a?
113ed
In base 14, what is 32766c17 + 3?
32766c1a
In base 9, what is 565561 - 20?
565541
In base 6, what is -4010 + -310320?
-314330
In base 16, what is 571 + -1680?
-110f
In base 15, what is 10073 - -2327?
1239a
In base 13, what is 40741268 + -1?
40741267
In base 14, what is -229244 + -59?
-22929d
In base 8, what is -31175 + 4563?
-24412
In base 9, what is -4 + 2566224?
2566220
In base 8, what is 236200 - -22560?
260760
In base 6, what is -12100243115 + -2?
-12100243121
In base 16, what is ea - d6e?
-c84
In base 12, what is -119 + -1b419?
-1b536
In base 9, what is -48326 + 87?
-48228
In base 5, what is -2111124222 + 2?
-2111124220
In base 14, what is -a3a8 + -6a8?
-aa72
In base 16, what is 564d94 + 3?
564d97
In base 5, what is -3003444430401 + -4?
-3003444430410
In base 2, what is 101000101000110011011 - 100?
101000101000110010111
In base 2, what is 110011011000 - 100110101010101?
-100000001111101
In base 11, what is 18 - 394164?
-394147
In base 16, what is -2a3884 + 11?
-2a3873
In base 14, what is 1625a4 - -11?
1625b5
In base 12, what is 22 + -412939?
-412917
In base 5, what is 24 - 1131433114?
-1131433040
In base 6, what is 51232 - 43522?
3310
In base 2, what is -1100101001100010111 + -1011?
-1100101001100100010
In base 3, what is -1011111020002 - 20?
-1011111020022
In base 12, what is 3 - 14aba8a3?
-14aba8a0
In base 10, what is -15007 - 1983?
-16990
In base 7, what is -2222 - -22452?
20230
In base 5, what is 10211111 - 213312?
4442244
In base 14, what is -23 + -1889bc3?
-1889c06
In base 13, what is -286093 - 695?
-286758
In base 16, what is -a333 + -4b7?
-a7ea
In base 3, what is -1110 + 210110121012?
210110112202
In base 16, what is -140364 - cd?
-140431
In base 3, what is 20221 - -2102012220121?
2102020011112
In base 12, what is 142 - 302974?
-302832
In base 2, what is 10011011 - 10010000010011000?
-10001111111111101
In base 13, what is -116a + 43356?
421b9
In base 4, what is -11 - -110030322022?
110030322011
In base 8, what is -3 + -276406007?
-276406012
In base 14, what is 5 + -267580?
-267579
In base 12, what is -12 - 4b47b08?
-4b47b1a
In base 9, what is -3515 - -2467?
-1037
In base 9, what is -634481 - -11?
-634470
In base 9, what is -46100 + -17716?
-64816
In base 11, what is 4a7437 - 3?
4a7434
In base 7, what is 31120 + 1103?
32223
In base 2, what is -1 - -100001001110001101100001?
100001001110001101